{"id":2007,"date":"2021-10-03T16:01:54","date_gmt":"2021-10-03T16:01:54","guid":{"rendered":"https:\/\/resiangelus.com\/centro-de-dia\/"},"modified":"2023-01-07T19:23:01","modified_gmt":"2023-01-07T19:23:01","slug":"qui-som","status":"publish","type":"page","link":"https:\/\/resiangelus.com\/ca\/qui-som\/","title":{"rendered":"Qui som"},"content":{"rendered":"<div class=\"wpb-content-wrapper\"><p>[vc_row css_animation=&#8221;element_from_bottom&#8221; row_type=&#8221;row&#8221; use_row_as_full_screen_section=&#8221;no&#8221; type=&#8221;full_width&#8221; angled_section=&#8221;no&#8221; text_align=&#8221;left&#8221; background_image_as_pattern=&#8221;without_pattern&#8221; z_index=&#8221;&#8221; background_image=&#8221;2556&#8243;][vc_column][vc_empty_space height=&#8221;200&#8243;][vc_column_text][\/vc_column_text][vc_empty_space height=&#8221;200px&#8221;][\/vc_column][\/vc_row][vc_row css_animation=&#8221;&#8221; row_type=&#8221;row&#8221; use_row_as_full_screen_section=&#8221;no&#8221; type=&#8221;grid&#8221; angled_section=&#8221;no&#8221; text_align=&#8221;left&#8221; background_image_as_pattern=&#8221;without_pattern&#8221; z_index=&#8221;&#8221;][vc_column][vc_empty_space height=&#8221;50px&#8221;][\/vc_column][\/vc_row][vc_row css_animation=&#8221;&#8221; row_type=&#8221;row&#8221; use_row_as_full_screen_section=&#8221;no&#8221; type=&#8221;grid&#8221; angled_section=&#8221;no&#8221; text_align=&#8221;left&#8221; background_image_as_pattern=&#8221;without_pattern&#8221; z_index=&#8221;&#8221;][vc_column][vc_empty_space height=&#8221;50px&#8221;][vc_column_text]<\/p>\n<h1 style=\"text-align: center;\"><strong><span style=\"color: #273d68;\">QUI SOM<\/span><\/strong><\/h1>\n<p>[\/vc_column_text][vc_separator type=&#8221;small&#8221; position=&#8221;center&#8221; color=&#8221;#273d68&#8243; thickness=&#8221;1,5&#8243; width=&#8221;20&#8243;][vc_empty_space height=&#8221;50px&#8221;][\/vc_column][\/vc_row][vc_row css_animation=&#8221;&#8221; row_type=&#8221;row&#8221; use_row_as_full_screen_section=&#8221;no&#8221; type=&#8221;grid&#8221; angled_section=&#8221;no&#8221; text_align=&#8221;left&#8221; background_image_as_pattern=&#8221;without_pattern&#8221; z_index=&#8221;&#8221;][vc_column][vc_column_text]<\/p>\n<p id=\"tw-target-text\" class=\"tw-data-text tw-text-large tw-ta\" dir=\"ltr\" data-placeholder=\"Traducci\u00f3n\"><span style=\"color: #333333;\">La gesti\u00f3 de la<\/span> <span style=\"color: #273d68;\"><strong>Resid\u00e8ncia \u00c0ngelus<\/strong><\/span> <span style=\"color: #333333;\">\u00e9s de car\u00e0cter familiar, orientada a la m\u00e0xima professionalitat en el tracte i cura dels usuaris. La ubicaci\u00f3 de la resid\u00e8ncia a la poblaci\u00f3 de Figar\u00f3 \u2013 Montmany, per l&#8217;excel\u00b7l\u00e8ncia del seu empla\u00e7ament i bones comunicacions, va ser un dels factors determinants en la decisi\u00f3 de dur a terme el projecte, convertint la Resid\u00e8ncia \u00c0ngelus en una refer\u00e8ncia quant a qualitat i atenci\u00f3 centrada en la persona. Des de la seva fundaci\u00f3 l&#8217;esfor\u00e7 s&#8217;ha centrat a promoure l&#8217;envelliment actiu dels nostres residents, potenciant al m\u00e0xim les seves capacitats individuals amb l&#8217;objectiu que desenvolupin una vida plena i amb la m\u00e0xima qualitat de vida possible.<\/span><\/p>\n<p>&nbsp;<\/p>\n<p class=\"tw-data-text tw-text-large tw-ta\" dir=\"ltr\" data-placeholder=\"Traducci\u00f3n\"><span style=\"color: #333333;\">Les persones grans constitueixen el centre de la nostra activitat, la nostra ra\u00f3 de ser, per la qual cosa les m\u00e9s de 20 persones que treballem a la <strong><span style=\"color: #273d68;\">Resid\u00e8ncia \u00c0ngelus<\/span><\/strong>, som professionals qualificats, amb vocaci\u00f3 de servei i compromesos en l&#8217;exercici de les nostres funcions, possibilitant un entorn adequat i proper al resident. L&#8217;atenci\u00f3 centrada en la persona (<span class=\"hiddenSpellError\">ACP<\/span>) \u00e9s determinant per a l&#8217;equip de\u00a0<span class=\"hiddenSpellError\">gerocultores<\/span>\u00a0i\u00a0<span class=\"hiddenSpellError\">gerocultors<\/span>, aix\u00ed com per al complet equip m\u00e8dic i\u00a0<span class=\"hiddenSpellError\">interdisciplinar<\/span>, els qui completament procuren pel benestar i tranquil\u00b7litat dels nostres usuaris, i que es posen en pr\u00e0ctica des de sempre.<\/span><\/p>\n<p><span style=\"color: #333333;\">La nostra experi\u00e8ncia de m\u00e9s de trenta anys cuidant la nostra gent gran, demostra que el respecte, l&#8217;afecte, l&#8217;assist\u00e8ncia personalitzada, l&#8217;atenci\u00f3 professional, el tracte familiar, l&#8217;amabilitat de l&#8217;entorn, la cura dels petits detalls de la vida di\u00e0ria&#8230; \u00e9s all\u00f2 que de veritat importa, sent factors que incideixen especialment en l&#8217;estat d&#8217;\u00e0nim i l&#8217;energia vital dels residents. Les persones que treballem a Resid\u00e8ncia \u00c0ngelus estem segurs que \u00e9s possible construir i mantenir un mitj\u00e0 adequat a les necessitats dels nostres majors, oferint un tracte familiar, acollidor i professional.<\/span><\/p>\n<p dir=\"ltr\" data-placeholder=\"Traducci\u00f3n\"><span style=\"color: #333333;\">A la <strong><span style=\"color: #273d68;\">Resid\u00e8ncia \u00c0ngelus<\/span><\/strong> oferim un ampli ventall de serveis d&#8217;assist\u00e8ncia i cura destinats a promoure la salut, el desenvolupament personal i les relacions socials, constituint el nostre senyal d&#8217;identitat.<\/span><\/p>\n<p>[\/vc_column_text][\/vc_column][\/vc_row][vc_row css_animation=&#8221;&#8221; row_type=&#8221;row&#8221; use_row_as_full_screen_section=&#8221;no&#8221; type=&#8221;grid&#8221; angled_section=&#8221;no&#8221; text_align=&#8221;left&#8221; background_image_as_pattern=&#8221;without_pattern&#8221; z_index=&#8221;&#8221;][vc_column][vc_empty_space height=&#8221;50px&#8221;][\/vc_column][\/vc_row][vc_row css_animation=&#8221;&#8221; row_type=&#8221;row&#8221; use_row_as_full_screen_section=&#8221;no&#8221; type=&#8221;grid&#8221; angled_section=&#8221;no&#8221; text_align=&#8221;left&#8221; background_image_as_pattern=&#8221;without_pattern&#8221; z_index=&#8221;&#8221;][vc_column width=&#8221;1\/2&#8243;][vc_single_image image=&#8221;2527&#8243; img_size=&#8221;530&#215;290&#8243; qode_css_animation=&#8221;&#8221; qode_hover_animation=&#8221;zoom_in&#8221;][vc_empty_space height=&#8221;10px&#8221;][vc_single_image image=&#8221;2575&#8243; img_size=&#8221;530&#215;290&#8243; qode_css_animation=&#8221;&#8221; qode_hover_animation=&#8221;zoom_in&#8221;][vc_empty_space height=&#8221;10px&#8221;][\/vc_column][vc_column width=&#8221;1\/2&#8243;][vc_single_image image=&#8221;2571&#8243; img_size=&#8221;530X590&#8243; qode_css_animation=&#8221;&#8221; qode_hover_animation=&#8221;zoom_in&#8221;][vc_empty_space height=&#8221;10px&#8221;][\/vc_column][\/vc_row][vc_row css_animation=&#8221;&#8221; row_type=&#8221;row&#8221; use_row_as_full_screen_section=&#8221;no&#8221; type=&#8221;grid&#8221; angled_section=&#8221;no&#8221; text_align=&#8221;left&#8221; background_image_as_pattern=&#8221;without_pattern&#8221; z_index=&#8221;&#8221;][vc_column][vc_empty_space height=&#8221;50px&#8221;][\/vc_column][\/vc_row][vc_row css_animation=&#8221;&#8221; row_type=&#8221;row&#8221; use_row_as_full_screen_section=&#8221;no&#8221; type=&#8221;grid&#8221; angled_section=&#8221;no&#8221; text_align=&#8221;left&#8221; background_image_as_pattern=&#8221;without_pattern&#8221; z_index=&#8221;&#8221;][vc_column][vc_column_text]<\/p>\n<p id=\"tw-target-text\" class=\"tw-data-text tw-text-large tw-ta\" dir=\"ltr\" data-placeholder=\"Traducci\u00f3n\"><span style=\"color: #333333;\"> Els principis de l&#8217;envelliment actiu que desenvolupem es fonamenten en els pilars seg\u00fcents:<\/span><\/p>\n<p>&nbsp;<\/p>\n<ul>\n<li id=\"tw-target-text\" class=\"tw-data-text tw-text-large tw-ta\" dir=\"ltr\" data-placeholder=\"Traducci\u00f3n\"><span class=\"Y2IQFc\" lang=\"es\" style=\"color: #333333;\"><strong>Comprom\u00eds de garantir el benestar i les millors condicions de vida a la gent gran<\/strong> perqu\u00e8 el seu proc\u00e9s d&#8217;envelliment sigui satisfactori, donant resposta de manera personalitzada tant a les necessitats fisiol\u00f2giques, psicol\u00f2giques i socials.<\/span><\/li>\n<\/ul>\n<p>&nbsp;<\/p>\n<ul>\n<li id=\"tw-target-text\" class=\"tw-data-text tw-text-large tw-ta\" dir=\"ltr\" data-placeholder=\"Traducci\u00f3n\"><span class=\"Y2IQFc\" lang=\"es\" style=\"color: #333333;\">A partir de combinar el tracte familiar amb la professionalitat m\u00e9s gran, <strong>oferim una atenci\u00f3 individualitzada que reconeix la singularitat<\/strong> de cadascun dels nostres residents, tenint en compte les seves necessitats, prefer\u00e8ncies i desitjos.<\/span><\/li>\n<\/ul>\n<p>&nbsp;<\/p>\n<ul>\n<li><span style=\"color: #333333;\">Apostem fermament per la <strong>qualitat i innovaci\u00f3 de les nostres instal\u00b7lacions<\/strong>, equipaments i sistemes, incorporant de manera continuada millores en els processos de treball, sempre en benefici de les persones que atenem.<\/span><\/li>\n<\/ul>\n<p>[\/vc_column_text][\/vc_column][\/vc_row][vc_row css_animation=&#8221;&#8221; row_type=&#8221;row&#8221; use_row_as_full_screen_section=&#8221;no&#8221; type=&#8221;grid&#8221; angled_section=&#8221;no&#8221; text_align=&#8221;left&#8221; background_image_as_pattern=&#8221;without_pattern&#8221; z_index=&#8221;&#8221;][vc_column][vc_empty_space height=&#8221;50px&#8221;][\/vc_column][\/vc_row]<\/p>\n<\/div>","protected":false},"excerpt":{"rendered":"<p>[vc_row css_animation=&#8221;element_from_bottom&#8221; row_type=&#8221;row&#8221; use_row_as_full_screen_section=&#8221;no&#8221; type=&#8221;full_width&#8221; angled_section=&#8221;no&#8221; text_align=&#8221;left&#8221; background_image_as_pattern=&#8221;without_pattern&#8221; z_index=&#8221;&#8221; background_image=&#8221;2556&#8243;][vc_column][vc_empty_space height=&#8221;200&#8243;][vc_column_text][\/vc_column_text][vc_empty_space height=&#8221;200px&#8221;][\/vc_column][\/vc_row][vc_row css_animation=&#8221;&#8221; row_type=&#8221;row&#8221; use_row_as_full_screen_section=&#8221;no&#8221; type=&#8221;grid&#8221; angled_section=&#8221;no&#8221; text_align=&#8221;left&#8221; background_image_as_pattern=&#8221;without_pattern&#8221; z_index=&#8221;&#8221;][vc_column][vc_empty_space height=&#8221;50px&#8221;][\/vc_column][\/vc_row][vc_row css_animation=&#8221;&#8221; row_type=&#8221;row&#8221; use_row_as_full_screen_section=&#8221;no&#8221; type=&#8221;grid&#8221; angled_section=&#8221;no&#8221; text_align=&#8221;left&#8221; background_image_as_pattern=&#8221;without_pattern&#8221; z_index=&#8221;&#8221;][vc_column][vc_empty_space height=&#8221;50px&#8221;][vc_column_text] QUI SOM [\/vc_column_text][vc_separator type=&#8221;small&#8221; position=&#8221;center&#8221; color=&#8221;#273d68&#8243; thickness=&#8221;1,5&#8243; width=&#8221;20&#8243;][vc_empty_space height=&#8221;50px&#8221;][\/vc_column][\/vc_row][vc_row css_animation=&#8221;&#8221; row_type=&#8221;row&#8221; use_row_as_full_screen_section=&#8221;no&#8221; type=&#8221;grid&#8221; angled_section=&#8221;no&#8221; text_align=&#8221;left&#8221;&#8230;<\/p>\n","protected":false},"author":2,"featured_media":0,"parent":0,"menu_order":0,"comment_status":"closed","ping_status":"closed","template":"full_width.php","meta":{"footnotes":""},"yst_prominent_words":[],"class_list":["post-2007","page","type-page","status-publish","hentry"],"_links":{"self":[{"href":"https:\/\/resiangelus.com\/ca\/wp-json\/wp\/v2\/pages\/2007","targetHints":{"allow":["GET"]}}],"collection":[{"href":"https:\/\/resiangelus.com\/ca\/wp-json\/wp\/v2\/pages"}],"about":[{"href":"https:\/\/resiangelus.com\/ca\/wp-json\/wp\/v2\/types\/page"}],"author":[{"embeddable":true,"href":"https:\/\/resiangelus.com\/ca\/wp-json\/wp\/v2\/users\/2"}],"replies":[{"embeddable":true,"href":"https:\/\/resiangelus.com\/ca\/wp-json\/wp\/v2\/comments?post=2007"}],"version-history":[{"count":28,"href":"https:\/\/resiangelus.com\/ca\/wp-json\/wp\/v2\/pages\/2007\/revisions"}],"predecessor-version":[{"id":2853,"href":"https:\/\/resiangelus.com\/ca\/wp-json\/wp\/v2\/pages\/2007\/revisions\/2853"}],"wp:attachment":[{"href":"https:\/\/resiangelus.com\/ca\/wp-json\/wp\/v2\/media?parent=2007"}],"wp:term":[{"taxonomy":"yst_prominent_words","embeddable":true,"href":"https:\/\/resiangelus.com\/ca\/wp-json\/wp\/v2\/yst_prominent_words?post=2007"}],"curies":[{"name":"wp","href":"https:\/\/api.w.org\/{rel}","templated":true}]}}

<div class="wpb-content-wrapper"><p>[vc_row css_animation=&#8221;element_from_bottom&#8221; row_type=&#8221;row&#8221; use_row_as_full_screen_section=&#8221;no&#8221; type=&#8221;full_width&#8221; angled_section=&#8221;no&#8221; text_align=&#8221;left&#8221; background_image_as_pattern=&#8221;without_pattern&#8221; z_index=&#8221;&#8221; background_image=&#8221;2556&#8243;][vc_column][vc_empty_space height=&#8221;200&#8243;][vc_column_text][/vc_column_text][vc_empty_space height=&#8221;200px&#8221;][/vc_column][/vc_row][vc_row css_animation=&#8221;&#8221; row_type=&#8221;row&#8221; use_row_as_full_screen_section=&#8221;no&#8221; type=&#8221;grid&#8221; angled_section=&#8221;no&#8221; text_align=&#8221;left&#8221; background_image_as_pattern=&#8221;without_pattern&#8221; z_index=&#8221;&#8221;][vc_column][vc_empty_space height=&#8221;50px&#8221;][/vc_column][/vc_row][vc_row css_animation=&#8221;&#8221; row_type=&#8221;row&#8221; use_row_as_full_screen_section=&#8221;no&#8221; type=&#8221;grid&#8221; angled_section=&#8221;no&#8221; text_align=&#8221;left&#8221; background_image_as_pattern=&#8221;without_pattern&#8221; z_index=&#8221;&#8221;][vc_column][vc_empty_space height=&#8221;50px&#8221;][vc_column_text]</p>
<h1 style="text-align: center;"><strong><span style="color: #273d68;">QUI SOM</span></strong></h1>
<p>[/vc_column_text][vc_separator type=&#8221;small&#8221; position=&#8221;center&#8221; color=&#8221;#273d68&#8243; thickness=&#8221;1,5&#8243; width=&#8221;20&#8243;][vc_empty_space height=&#8221;50px&#8221;][/vc_column][/vc_row][vc_row css_animation=&#8221;&#8221; row_type=&#8221;row&#8221; use_row_as_full_screen_section=&#8221;no&#8221; type=&#8221;grid&#8221; angled_section=&#8221;no&#8221; text_align=&#8221;left&#8221; background_image_as_pattern=&#8221;without_pattern&#8221; z_index=&#8221;&#8221;][vc_column][vc_column_text]</p>
<p id="tw-target-text" class="tw-data-text tw-text-large tw-ta" dir="ltr" data-placeholder="Traducción"><span style="color: #333333;">La gestió de la</span> <span style="color: #273d68;"><strong>Residència Àngelus</strong></span> <span style="color: #333333;">és de caràcter familiar, orientada a la màxima professionalitat en el tracte i cura dels usuaris. La ubicació de la residència a la població de Figaró – Montmany, per l&#8217;excel·lència del seu emplaçament i bones comunicacions, va ser un dels factors determinants en la decisió de dur a terme el projecte, convertint la Residència Àngelus en una referència quant a qualitat i atenció centrada en la persona. Des de la seva fundació l&#8217;esforç s&#8217;ha centrat a promoure l&#8217;envelliment actiu dels nostres residents, potenciant al màxim les seves capacitats individuals amb l&#8217;objectiu que desenvolupin una vida plena i amb la màxima qualitat de vida possible.</span></p>
<p>&nbsp;</p>
<p class="tw-data-text tw-text-large tw-ta" dir="ltr" data-placeholder="Traducción"><span style="color: #333333;">Les persones grans constitueixen el centre de la nostra activitat, la nostra raó de ser, per la qual cosa les més de 20 persones que treballem a la <strong><span style="color: #273d68;">Residència Àngelus</span></strong>, som professionals qualificats, amb vocació de servei i compromesos en l&#8217;exercici de les nostres funcions, possibilitant un entorn adequat i proper al resident. L&#8217;atenció centrada en la persona (<span class="hiddenSpellError">ACP</span>) és determinant per a l&#8217;equip de <span class="hiddenSpellError">gerocultores</span> i <span class="hiddenSpellError">gerocultors</span>, així com per al complet equip mèdic i <span class="hiddenSpellError">interdisciplinar</span>, els qui completament procuren pel benestar i tranquil·litat dels nostres usuaris, i que es posen en pràctica des de sempre.</span></p>
<p><span style="color: #333333;">La nostra experiència de més de trenta anys cuidant la nostra gent gran, demostra que el respecte, l&#8217;afecte, l&#8217;assistència personalitzada, l&#8217;atenció professional, el tracte familiar, l&#8217;amabilitat de l&#8217;entorn, la cura dels petits detalls de la vida diària&#8230; és allò que de veritat importa, sent factors que incideixen especialment en l&#8217;estat d&#8217;ànim i l&#8217;energia vital dels residents. Les persones que treballem a Residència Àngelus estem segurs que és possible construir i mantenir un mitjà adequat a les necessitats dels nostres majors, oferint un tracte familiar, acollidor i professional.</span></p>
<p dir="ltr" data-placeholder="Traducción"><span style="color: #333333;">A la <strong><span style="color: #273d68;">Residència Àngelus</span></strong> oferim un ampli ventall de serveis d&#8217;assistència i cura destinats a promoure la salut, el desenvolupament personal i les relacions socials, constituint el nostre senyal d&#8217;identitat.</span></p>
<p>[/vc_column_text][/vc_column][/vc_row][vc_row css_animation=&#8221;&#8221; row_type=&#8221;row&#8221; use_row_as_full_screen_section=&#8221;no&#8221; type=&#8221;grid&#8221; angled_section=&#8221;no&#8221; text_align=&#8221;left&#8221; background_image_as_pattern=&#8221;without_pattern&#8221; z_index=&#8221;&#8221;][vc_column][vc_empty_space height=&#8221;50px&#8221;][/vc_column][/vc_row][vc_row css_animation=&#8221;&#8221; row_type=&#8221;row&#8221; use_row_as_full_screen_section=&#8221;no&#8221; type=&#8221;grid&#8221; angled_section=&#8221;no&#8221; text_align=&#8221;left&#8221; background_image_as_pattern=&#8221;without_pattern&#8221; z_index=&#8221;&#8221;][vc_column width=&#8221;1/2&#8243;][vc_single_image image=&#8221;2527&#8243; img_size=&#8221;530&#215;290&#8243; qode_css_animation=&#8221;&#8221; qode_hover_animation=&#8221;zoom_in&#8221;][vc_empty_space height=&#8221;10px&#8221;][vc_single_image image=&#8221;2575&#8243; img_size=&#8221;530&#215;290&#8243; qode_css_animation=&#8221;&#8221; qode_hover_animation=&#8221;zoom_in&#8221;][vc_empty_space height=&#8221;10px&#8221;][/vc_column][vc_column width=&#8221;1/2&#8243;][vc_single_image image=&#8221;2571&#8243; img_size=&#8221;530X590&#8243; qode_css_animation=&#8221;&#8221; qode_hover_animation=&#8221;zoom_in&#8221;][vc_empty_space height=&#8221;10px&#8221;][/vc_column][/vc_row][vc_row css_animation=&#8221;&#8221; row_type=&#8221;row&#8221; use_row_as_full_screen_section=&#8221;no&#8221; type=&#8221;grid&#8221; angled_section=&#8221;no&#8221; text_align=&#8221;left&#8221; background_image_as_pattern=&#8221;without_pattern&#8221; z_index=&#8221;&#8221;][vc_column][vc_empty_space height=&#8221;50px&#8221;][/vc_column][/vc_row][vc_row css_animation=&#8221;&#8221; row_type=&#8221;row&#8221; use_row_as_full_screen_section=&#8221;no&#8221; type=&#8221;grid&#8221; angled_section=&#8221;no&#8221; text_align=&#8221;left&#8221; background_image_as_pattern=&#8221;without_pattern&#8221; z_index=&#8221;&#8221;][vc_column][vc_column_text]</p>
<p id="tw-target-text" class="tw-data-text tw-text-large tw-ta" dir="ltr" data-placeholder="Traducción"><span style="color: #333333;"> Els principis de l&#8217;envelliment actiu que desenvolupem es fonamenten en els pilars següents:</span></p>
<p>&nbsp;</p>
<ul>
<li id="tw-target-text" class="tw-data-text tw-text-large tw-ta" dir="ltr" data-placeholder="Traducción"><span class="Y2IQFc" lang="es" style="color: #333333;"><strong>Compromís de garantir el benestar i les millors condicions de vida a la gent gran</strong> perquè el seu procés d&#8217;envelliment sigui satisfactori, donant resposta de manera personalitzada tant a les necessitats fisiològiques, psicològiques i socials.</span></li>
</ul>
<p>&nbsp;</p>
<ul>
<li id="tw-target-text" class="tw-data-text tw-text-large tw-ta" dir="ltr" data-placeholder="Traducción"><span class="Y2IQFc" lang="es" style="color: #333333;">A partir de combinar el tracte familiar amb la professionalitat més gran, <strong>oferim una atenció individualitzada que reconeix la singularitat</strong> de cadascun dels nostres residents, tenint en compte les seves necessitats, preferències i desitjos.</span></li>
</ul>
<p>&nbsp;</p>
<ul>
<li><span style="color: #333333;">Apostem fermament per la <strong>qualitat i innovació de les nostres instal·lacions</strong>, equipaments i sistemes, incorporant de manera continuada millores en els processos de treball, sempre en benefici de les persones que atenem.</span></li>
</ul>
<p>[/vc_column_text][/vc_column][/vc_row][vc_row css_animation=&#8221;&#8221; row_type=&#8221;row&#8221; use_row_as_full_screen_section=&#8221;no&#8221; type=&#8221;grid&#8221; angled_section=&#8221;no&#8221; text_align=&#8221;left&#8221; background_image_as_pattern=&#8221;without_pattern&#8221; z_index=&#8221;&#8221;][vc_column][vc_empty_space height=&#8221;50px&#8221;][/vc_column][/vc_row]</p>
</div>
